 the units digit of j?
2
Let s(y) = 48*y**2 - 3*y + 2. Let b(w) = -w**3 - 5*w**2 - 4*w + 1. Let g be b(-4). What is the units digit of s(g)?
7
Suppose 0 = 10*b - 400 + 130. What is the units digit of b?
7
Suppose 487 = 3*l - b, 0*l - 4*l + 671 = 3*b. What is the hundreds digit of l?
1
Suppose -14 = 5*q - 1109. What is the units digit of q?
9
Suppose -v + 44 = -2*j, -2*v + j + 88 = 2*j. What is the units digit of (0 + -3)*v/(-12)?
1
Let x = 230 - 50. What is the tens digit of x?
8
Let o = 1 - 1. Suppose -2*q + 2 = o, 2*q - 19 = 4*s + 3*q. Let z = 4 - s. What is the units digit of z?
9
Let x(f) = -3*f**2 - 8 - 4*f + 5*f**2 + 1 + 8*f. What is the tens digit of x(-5)?
2
Suppose 0 = -3*z + z + 262. What is the hundreds digit of z?
1
Suppose -1018 = -4*s + 66. Suppose -2*j = -2*v - 132, -4*v + 2*j - 5*j = s. What is the tens digit of (-6)/15 - v/5?
1
Let z = -10 + 14. Let d be 0*(2 - 10/z). Suppose d = -3*k + k + 14. What is the units digit of k?
7
Let g(f) = -12*f + 34. What is the hundreds digit of g(-6)?
1
Let u = -18 + 18. Suppose 0 = -u*k + k - 16. What is the units digit of k?
6
Let u(v) = 4*v**3 - 7*v**2 + 9*v - 9. Let b(t) = 5*t**3 - 8*t**2 + 10*t - 10. Let g(o) = -5*b(o) + 6*u(o). What is the units digit of g(-4)?
2
Let w = 29 - -3. What is the units digit of w?
2
Let b(v) be the first derivative of v**5/120 + 5*v**4/12 - v**3/3 - 1. Let y(o) be the third derivative of b(o). What is the units digit of y(8)?
8
Suppose -5*s + 0*s + 10 = 0. Suppose p - t - 1 - 2 = 0, -5*p + t + 23 = 0. Suppose s*o - 1 = p. What is the units digit of o?
3
Suppose -z = -3, 2*q + 2*z + 3*z - 13 = 0. What is the units digit of (-20)/(-1) + 1/q?
9
Let l(k) = 13*k + 19. Let a(w) = 5*w + 6. Let b(s) = 11*a(s) - 4*l(s). Let q(u) = u**2 + 3*u. Let c be q(-5). What is the tens digit of b(c)?
2
Let n = 76 - 40. What is the tens digit of n?
3
Suppose -7*q = -12*q + 955. What is the units digit of q?
1
Let c be (-6)/(-21) - 1044/(-21). Suppose 0 = 3*v - c + 14. What is the tens digit of v?
1
Suppose -2*y = -3*y + 5. Let r = y - 4. What is the units digit of r?
1
Let a = 71 - 35. What is the tens digit of a?
3
Suppose -10 = -y - 5*m, -y + 2*m + 38 = -0*m. Suppose -5*w = 15, 2*w + y = 2*a - 60. What is the units digit of a?
2
Let n(t) be the first derivative of 3*t**2/2 - 7*t - 1. Suppose -5*g + 7 = 2*d, -2*g - 3 = g. What is the units digit of n(d)?
1
Suppose f - 27 = -25. Suppose -3*q - d + 49 = -f*q, 0 = -q + 5*d + 31. What is the tens digit of q?
4
Let q = -32 - -61. What is the tens digit of q?
2
Let y(b) = 11*b**2 - 6*b + 9. What is the tens digit of y(3)?
9
Suppose -7*s = 3*f - 2*s - 106, -16 = 4*s. What is the tens digit of f?
4
Let z be (3 - 1)/(28/70). Let y = z + -4. What is the units digit of y?
1
Let x be 1 - (-8 + (0 - 2)). Suppose -2*j - 1 = -x. What is the units digit of ((-6)/15)/((-1)/j)?
2
Let i = 366 + -220. What is the units digit of i?
6
Let i(m) = -2*m + 1. Let u be i(-2). Suppose 5*d = 2 - 12, 13 = 3*r - u*d. What is the units digit of ((-20)/(-8))/(r/2)?
5
What is the units digit of (-12)/4 - 3*-11?
0
Let i = -2 + 2. Suppose 2*a - 3*a + 8 = i. What is the units digit of (-13)/(-2) + (-12)/a?
5
Let j = -29 - -30. What is the units digit of j?
1
Let c(d) = d - 7. Let k be c(-9). Let y = k + 44. What is the units digit of y?
8
Let z(h) = 5*h**2 + 13*h - 6. Let m(x) = -11*x**2 - 27*x + 12. Let s(y) = -4*m(y) - 9*z(y). Let l = 12 - 21. What is the units digit of s(l)?
6
Suppose 0 = -p - 3*x - 2*x + 12, -p - 12 = -x. Let o(j) = -j - 7. Let c be o(p). What is the units digit of 38/4 + c/(-2)?
9
Suppose 25 = 2*l + 9. What is the units digit of l?
8
Suppose -2*m = -0*m - 10. Suppose m = p - 3. Suppose 3*h - 16 = 3*g + p, 2*h - 21 = 3*g. What is the units digit of h?
3
Suppose -5*k + 5 = -5. Let v(c) = c**2 + 2 - 2*c**3 + c**3 - c**k. What is the units digit of v(0)?
2
Let g(i) = -6*i. Let b(m) = m**3 - 8*m**2 - 4. Let t be b(8). What is the units digit of g(t)?
4
Let m(s) be the first derivative of s**3/3 - 2*s + 29. Let y(c) = -c**3 - 4*c**2 + 7*c + 6. Let x be y(-5). What is the tens digit of m(x)?
1
Let q be (2 - 1) + -2 - -3. Let u be q/5 + 18/5. Suppose 10 + 10 = u*t. What is the units digit of t?
5
Suppose 2*f - 20 = -2*c, -5*c + 10 = -3*f - 0. Suppose -12 + 30 = -3*y. What is the units digit of (y/f)/(6/(-40))?
8
Let v = -19 + 115. Let j be ((-3)/4)/((-2)/v). Suppose -j = -2*w - 2*w. What is the units digit of w?
9
Let h be 3/(2*(-1)/(-2)). Let t = 10 - h. What is the units digit of t?
7
Let j(u) = -u**3 + u**2 - u + 5. Let p be j(0). Let g = 1 - p. Let z = 10 + g. What is the units digit of z?
6
What is the tens digit of 31*(20/(-12))/(-5)*3?
3
Suppose 32 = 4*h - 3*j - 24, -5*j + 3 = -h. Suppose -3*m + 32 = -2*w, -h = -5*w - 7. What is the units digit of m?
2
What is the units digit of (-170)/(-2)*(-30)/(-50)?
1
Suppose -3*z - 2*z + 125 = 0. Let t = 15 - z. What is the units digit of 13/2 + (-5)/t?
7
Let x = 7 + 1. Suppose 0 = 5*a - a - x. What is the units digit of a?
2
Suppose 9 = -v + 323. What is the hundreds digit of v?
3
Suppose 4*j + 5 = 21. Suppose -3*y + 32 = 4*p, -j*y - 32 = -4*p - y. Let h = p - 2. What is the units digit of h?
6
Suppose 0 = -a - 3*g + 2, 5*a - g - 39 = -13. Let j = 12 - a. What is the units digit of j?
7
Let o(y) be the second derivative of y**4/12 + y**3 + 9*y**2/2 + 4*y. What is the tens digit of o(-7)?
1
Let p = 12 + 6. What is the units digit of p?
8
Suppose -2*g - g + 5*h + 586 = 0, -5*g = -4*h - 955. What is the units digit of g?
7
Suppose 5*q + 27 = -8. Let l(n) = -2*n + 6. What is the units digit of l(q)?
0
Suppose 6 = -m + 1. Let o = 8 - 4. Let c = o - m. What is the units digit of c?
9
What is the tens digit of 325 + -1 + 5 + (-2)/1?
2
Let q(l) = -l**2 - 5*l - 5. Let y be q(-5). Let j be 80/25 - (-1)/y. Suppose -j*u - 40 = -3*b - 5*u, -12 = 3*u. What is the tens digit of b?
1
Suppose 12 = 3*r - o, -4*r - o + 8 = -3*r. What is the units digit of r?
5
Let z(o) = -11*o + 15. What is the tens digit of z(-6)?
8
Let w(u) = u**3 - u**2 + u - 3. Let y be w(3). Suppose -v + y = 4*t + 1, -3*t + 16 = 4*v. What is the units digit of t?
4
Let r(h) = -4 + 3*h + 4*h**2 - 3*h**2 - 1 - 5. What is the tens digit of r(4)?
1
Let o(p) = p**2 - 7*p + 6. Let b be o(7). Let g = b - 5. What is the units digit of g?
1
Let s(w) = -w**2 - 6*w - 5. Let l be s(-5). Suppose x + 29 = a - 13, -4*a - x + 173 = l. What is the units digit of a?
3
Suppose r - 6 = 2*t, 5*t - t + 2 = -3*r. Suppose 2*x + 6*s - 3*s = 69, r*s + 54 = 2*x. What is the tens digit of x?
3
What is the tens digit of 2646/14 - 2/(-2)?
9
Suppose -2*u - 6 = -2*q + 4, 0 = -3*u + 4*q - 20. Suppose -l - 2*t + 11 = -0*t, 2*l + 2*t - 18 = u. What is the units digit of l?
7
Suppose 3*l + 2*l = 0, 0 = p + 5*l - 321. What is the tens digit of p?
2
Let f = -22 + 49. What is the tens digit of f?
2
Suppose -4*v + 8*q + 24 = 3*q, -4*v + 2*q + 36 = 0. Let r = 14 - v. What is the units digit of r?
3
Let n = 6 + -6. Let l = 15 - n. What is the units digit of 2*1/6*l?
5
Suppose 8*r - 5*n = 10*r - 470, 233 = r + 2*n. What is the tens digit of r?
2
Suppose -4*j - 2*l + 624 = 0, -j = -4*l + 5*l - 155. What is the units digit of j?
7
Let y = -14 + 38. Suppose x = 2*x - y. What is the tens digit of x?
2
Suppose 3*m - y = 2*y + 3, 3*y = 3. What is the units digit of 1/m*64/4?
8
Let n be ((-6)/(-8))/(2/(-16)). Let y be 16 + (-5)/(15/n). Let v = 26 - y. What is the units digit of v?
8
Let h = 6 + -18. What is the units digit of 6/8 + (-279)/h?
4
Let t(m) = m - 6. Let o(p) = -p**2 - 8*p - 5. Let x be o(-5). Let i be t(x). Suppose j + i*j - 3*a = 46, j - 26 = -5*a. What is the units digit of j?
1
Suppose 5*c - 7*c = -314. What is the tens digit of c?
5
Let n = 99 - -224. What is the units digit of n?
3
Suppose v = -v + 4. Let b be (1 - (-2 + 4))/1. What is the units digit of 1/b*(-2)/v?
1
What is the tens digit of (-3 - (-32)/6)*21?
4
Let x = 186 + -133. What is the tens digit of x?
5
Let c(f) = f**2 - 2*f + 1. Let q be c(1). Let m = 0 + q. Suppose m = -0*u + u - 6. What is the units digit of u?
6
Let i = -1 + 130. What is the hundreds digit of i?
1
What is the tens digit of ((-206)/(-4))/((-3)/(-6))?
0
Let v(k) = -2*k**3 - k**2 - k - 2. Let i be v(-2). What is the units digit of (4/6)/(2/i)?
4
Let c